{"id":2,"date":"2014-09-05T08:17:34","date_gmt":"2014-09-05T08:17:34","guid":{"rendered":"http:\/\/ar-menez-tan.com\/dev\/wordpress\/?page_id=2"},"modified":"2023-10-09T11:33:46","modified_gmt":"2023-10-09T10:33:46","slug":"page-activites","status":"publish","type":"page","link":"https:\/\/ar-menez-tan.com\/dev\/wordpress\/page-activites\/","title":{"rendered":"ACTIVITES"},"content":{"rendered":"<h1 style=\"text-align: center;\"><span style=\"color: #0000ff;\">Ateliers au sein du cercle<\/span><\/h1>\n<p>&nbsp;<\/p>\n<h3><span style=\"text-decoration: underline;\">Information :<\/span><\/h3>\n<p>&nbsp;<\/p>\n<p>&nbsp;<\/p>\n<h4 style=\"text-align: center;\"><span style=\"color: #000000;\">Initiation et perfectionnement de la danse Bretonne<\/span><\/h4>\n<h4 style=\"text-align: center;\"><span style=\"color: #000000;\">Stages de formation \u00e0 la danse<\/span><\/h4>\n<h4 style=\"text-align: center;\"><span style=\"color: #000000;\">Fest Noz le premier vendredi de chaque mois<\/span><\/h4>\n<h4 style=\"text-align: center;\"><span style=\"color: #000000;\">Groupe sc\u00e9nique du cercle<\/span><\/h4>\n<p>&nbsp;<\/p>\n<p style=\"text-align: left;\">Les activit\u00e9s du cercle vous proposent divers ateliers r\u00e9pondant \u00e0 vos envies. Aucune obligation n&rsquo;est impos\u00e9e.<\/p>\n<p style=\"text-align: left;\">Vous pouvez choisir de vous perfectionner pour simplement danser l&rsquo;\u00e9t\u00e9 ou approfondir la connaissance des danses au cours des stages qui vous sont propos\u00e9s.<\/p>\n<p style=\"text-align: left;\">Les ateliers sont ouverts \u00e0 tous les participants sans distinction, ni cout supplementaire \u00e0 la cotisation annuelle.<\/p>\n","protected":false},"excerpt":{"rendered":"<p>Ateliers au sein du cercle &nbsp; Information : &nbsp; &nbsp; Initiation et perfectionnement de la danse Bretonne Stages de formation \u00e0 la danse Fest Noz le premier vendredi de chaque mois Groupe sc\u00e9nique du cercle &nbsp; Les activit\u00e9s du cercle vous proposent divers ateliers r\u00e9pondant \u00e0 vos envies. Aucune obligation<a href=\"https:\/\/ar-menez-tan.com\/dev\/wordpress\/page-activites\/\" class=\"read-more\">Read More&#8230;<\/a><\/p>\n","protected":false},"author":1,"featured_media":0,"parent":0,"menu_order":0,"comment_status":"closed","ping_status":"closed","template":"","meta":{"footnotes":""},"class_list":["post-2","page","type-page","status-publish","hentry"],"yoast_head":"<!-- This site is optimized with the Yoast SEO plugin v26.8 - https:\/\/yoast.com\/product\/yoast-seo-wordpress\/ -->\n<title>ACTIVITES &#8211; AR MENEZ TAN<\/title>\n<meta name=\"robots\" content=\"index, follow, max-snippet:-1, max-image-preview:large, max-video-preview:-1\" \/>\n<link rel=\"canonical\" href=\"https:\/\/ar-menez-tan.com\/dev\/wordpress\/page-activites\/\" \/>\n<meta property=\"og:locale\" content=\"fr_FR\" \/>\n<meta property=\"og:type\" content=\"article\" \/>\n<meta property=\"og:title\" content=\"Cercle Celtique Clermont Ferrand\" \/>\n<meta property=\"og:description\" content=\"Le Cercle de Clermont Ferrand perpetue la danse Bretonne en vous offrant la possibilit\u00e9 d&#039;apprendre ou de completer vos connaissances dans la danse traditionnelle\" \/>\n<meta property=\"og:url\" content=\"https:\/\/ar-menez-tan.com\/dev\/wordpress\/page-activites\/\" \/>\n<meta property=\"og:site_name\" content=\"AR MENEZ TAN\" \/>\n<meta property=\"article:modified_time\" content=\"2023-10-09T10:33:46+00:00\" \/>\n<script type=\"application\/ld+json\" class=\"yoast-schema-graph\">{\"@context\":\"https:\/\/schema.org\",\"@graph\":[{\"@type\":\"WebPage\",\"@id\":\"https:\/\/ar-menez-tan.com\/dev\/wordpress\/page-activites\/\",\"url\":\"https:\/\/ar-menez-tan.com\/dev\/wordpress\/page-activites\/\",\"name\":\"ACTIVITES &#8211; AR MENEZ TAN\",\"isPartOf\":{\"@id\":\"https:\/\/ar-menez-tan.com\/dev\/wordpress\/#website\"},\"datePublished\":\"2014-09-05T08:17:34+00:00\",\"dateModified\":\"2023-10-09T10:33:46+00:00\",\"breadcrumb\":{\"@id\":\"https:\/\/ar-menez-tan.com\/dev\/wordpress\/page-activites\/#breadcrumb\"},\"inLanguage\":\"fr-FR\",\"potentialAction\":[{\"@type\":\"ReadAction\",\"target\":[\"https:\/\/ar-menez-tan.com\/dev\/wordpress\/page-activites\/\"]}]},{\"@type\":\"BreadcrumbList\",\"@id\":\"https:\/\/ar-menez-tan.com\/dev\/wordpress\/page-activites\/#breadcrumb\",\"itemListElement\":[{\"@type\":\"ListItem\",\"position\":1,\"name\":\"Accueil\",\"item\":\"https:\/\/ar-menez-tan.com\/dev\/wordpress\/\"},{\"@type\":\"ListItem\",\"position\":2,\"name\":\"ACTIVITES\"}]},{\"@type\":\"WebSite\",\"@id\":\"https:\/\/ar-menez-tan.com\/dev\/wordpress\/#website\",\"url\":\"https:\/\/ar-menez-tan.com\/dev\/wordpress\/\",\"name\":\"AR MENEZ TAN\",\"description\":\"Cercle Celtique Clermont Ferrand  Danse Bretonne Cours danse\",\"potentialAction\":[{\"@type\":\"SearchAction\",\"target\":{\"@type\":\"EntryPoint\",\"urlTemplate\":\"https:\/\/ar-menez-tan.com\/dev\/wordpress\/?s={search_term_string}\"},\"query-input\":{\"@type\":\"PropertyValueSpecification\",\"valueRequired\":true,\"valueName\":\"search_term_string\"}}],\"inLanguage\":\"fr-FR\"}]}<\/script>\n<!-- \/ Yoast SEO plugin. -->","yoast_head_json":{"title":"ACTIVITES &#8211; AR MENEZ TAN","robots":{"index":"index","follow":"follow","max-snippet":"max-snippet:-1","max-image-preview":"max-image-preview:large","max-video-preview":"max-video-preview:-1"},"canonical":"https:\/\/ar-menez-tan.com\/dev\/wordpress\/page-activites\/","og_locale":"fr_FR","og_type":"article","og_title":"Cercle Celtique Clermont Ferrand","og_description":"Le Cercle de Clermont Ferrand perpetue la danse Bretonne en vous offrant la possibilit\u00e9 d'apprendre ou de completer vos connaissances dans la danse traditionnelle","og_url":"https:\/\/ar-menez-tan.com\/dev\/wordpress\/page-activites\/","og_site_name":"AR MENEZ TAN","article_modified_time":"2023-10-09T10:33:46+00:00","schema":{"@context":"https:\/\/schema.org","@graph":[{"@type":"WebPage","@id":"https:\/\/ar-menez-tan.com\/dev\/wordpress\/page-activites\/","url":"https:\/\/ar-menez-tan.com\/dev\/wordpress\/page-activites\/","name":"ACTIVITES &#8211; AR MENEZ TAN","isPartOf":{"@id":"https:\/\/ar-menez-tan.com\/dev\/wordpress\/#website"},"datePublished":"2014-09-05T08:17:34+00:00","dateModified":"2023-10-09T10:33:46+00:00","breadcrumb":{"@id":"https:\/\/ar-menez-tan.com\/dev\/wordpress\/page-activites\/#breadcrumb"},"inLanguage":"fr-FR","potentialAction":[{"@type":"ReadAction","target":["https:\/\/ar-menez-tan.com\/dev\/wordpress\/page-activites\/"]}]},{"@type":"BreadcrumbList","@id":"https:\/\/ar-menez-tan.com\/dev\/wordpress\/page-activites\/#breadcrumb","itemListElement":[{"@type":"ListItem","position":1,"name":"Accueil","item":"https:\/\/ar-menez-tan.com\/dev\/wordpress\/"},{"@type":"ListItem","position":2,"name":"ACTIVITES"}]},{"@type":"WebSite","@id":"https:\/\/ar-menez-tan.com\/dev\/wordpress\/#website","url":"https:\/\/ar-menez-tan.com\/dev\/wordpress\/","name":"AR MENEZ TAN","description":"Cercle Celtique Clermont Ferrand  Danse Bretonne Cours danse","potentialAction":[{"@type":"SearchAction","target":{"@type":"EntryPoint","urlTemplate":"https:\/\/ar-menez-tan.com\/dev\/wordpress\/?s={search_term_string}"},"query-input":{"@type":"PropertyValueSpecification","valueRequired":true,"valueName":"search_term_string"}}],"inLanguage":"fr-FR"}]}},"_links":{"self":[{"href":"https:\/\/ar-menez-tan.com\/dev\/wordpress\/wp-json\/wp\/v2\/pages\/2","targetHints":{"allow":["GET"]}}],"collection":[{"href":"https:\/\/ar-menez-tan.com\/dev\/wordpress\/wp-json\/wp\/v2\/pages"}],"about":[{"href":"https:\/\/ar-menez-tan.com\/dev\/wordpress\/wp-json\/wp\/v2\/types\/page"}],"author":[{"embeddable":true,"href":"https:\/\/ar-menez-tan.com\/dev\/wordpress\/wp-json\/wp\/v2\/users\/1"}],"replies":[{"embeddable":true,"href":"https:\/\/ar-menez-tan.com\/dev\/wordpress\/wp-json\/wp\/v2\/comments?post=2"}],"version-history":[{"count":18,"href":"https:\/\/ar-menez-tan.com\/dev\/wordpress\/wp-json\/wp\/v2\/pages\/2\/revisions"}],"predecessor-version":[{"id":323,"href":"https:\/\/ar-menez-tan.com\/dev\/wordpress\/wp-json\/wp\/v2\/pages\/2\/revisions\/323"}],"wp:attachment":[{"href":"https:\/\/ar-menez-tan.com\/dev\/wordpress\/wp-json\/wp\/v2\/media?parent=2"}],"curies":[{"name":"wp","href":"https:\/\/api.w.org\/{rel}","templated":true}]}}

<h1 style="text-align: center;"><span style="color: #0000ff;">Ateliers au sein du cercle</span></h1>
<p>&nbsp;</p>
<h3><span style="text-decoration: underline;">Information :</span></h3>
<p>&nbsp;</p>
<p>&nbsp;</p>
<h4 style="text-align: center;"><span style="color: #000000;">Initiation et perfectionnement de la danse Bretonne</span></h4>
<h4 style="text-align: center;"><span style="color: #000000;">Stages de formation à la danse</span></h4>
<h4 style="text-align: center;"><span style="color: #000000;">Fest Noz le premier vendredi de chaque mois</span></h4>
<h4 style="text-align: center;"><span style="color: #000000;">Groupe scénique du cercle</span></h4>
<p>&nbsp;</p>
<p style="text-align: left;">Les activités du cercle vous proposent divers ateliers répondant à vos envies. Aucune obligation n&rsquo;est imposée.</p>
<p style="text-align: left;">Vous pouvez choisir de vous perfectionner pour simplement danser l&rsquo;été ou approfondir la connaissance des danses au cours des stages qui vous sont proposés.</p>
<p style="text-align: left;">Les ateliers sont ouverts à tous les participants sans distinction, ni cout supplementaire à la cotisation annuelle.</p>

<p>Ateliers au sein du cercle &nbsp; Information : &nbsp; &nbsp; Initiation et perfectionnement de la danse Bretonne Stages de formation à la danse Fest Noz le premier vendredi de chaque mois Groupe scénique du cercle &nbsp; Les activités du cercle vous proposent divers ateliers répondant à vos envies. Aucune obligation<a href="https://ar-menez-tan.com/dev/wordpress/page-activites/" class="read-more">Read More&#8230;</a></p>

<!-- This site is optimized with the Yoast SEO plugin v26.8 - https://yoast.com/product/yoast-seo-wordpress/ -->
<title>ACTIVITES &#8211; AR MENEZ TAN</title>
<meta name="robots" content="index, follow, max-snippet:-1, max-image-preview:large, max-video-preview:-1" />
<link rel="canonical" href="https://ar-menez-tan.com/dev/wordpress/page-activites/" />
<meta property="og:locale" content="fr_FR" />
<meta property="og:type" content="article" />
<meta property="og:title" content="Cercle Celtique Clermont Ferrand" />
<meta property="og:description" content="Le Cercle de Clermont Ferrand perpetue la danse Bretonne en vous offrant la possibilité d&#039;apprendre ou de completer vos connaissances dans la danse traditionnelle" />
<meta property="og:url" content="https://ar-menez-tan.com/dev/wordpress/page-activites/" />
<meta property="og:site_name" content="AR MENEZ TAN" />
<meta property="article:modified_time" content="2023-10-09T10:33:46+00:00" />
<script type="application/ld+json" class="yoast-schema-graph">{"@context":"https://schema.org","@graph":[{"@type":"WebPage","@id":"https://ar-menez-tan.com/dev/wordpress/page-activites/","url":"https://ar-menez-tan.com/dev/wordpress/page-activites/","name":"ACTIVITES &#8211; AR MENEZ TAN","isPartOf":{"@id":"https://ar-menez-tan.com/dev/wordpress/#website"},"datePublished":"2014-09-05T08:17:34+00:00","dateModified":"2023-10-09T10:33:46+00:00","breadcrumb":{"@id":"https://ar-menez-tan.com/dev/wordpress/page-activites/#breadcrumb"},"inLanguage":"fr-FR","potentialAction":[{"@type":"ReadAction","target":["https://ar-menez-tan.com/dev/wordpress/page-activites/"]}]},{"@type":"BreadcrumbList","@id":"https://ar-menez-tan.com/dev/wordpress/page-activites/#breadcrumb","itemListElement":[{"@type":"ListItem","position":1,"name":"Accueil","item":"https://ar-menez-tan.com/dev/wordpress/"},{"@type":"ListItem","position":2,"name":"ACTIVITES"}]},{"@type":"WebSite","@id":"https://ar-menez-tan.com/dev/wordpress/#website","url":"https://ar-menez-tan.com/dev/wordpress/","name":"AR MENEZ TAN","description":"Cercle Celtique Clermont Ferrand  Danse Bretonne Cours danse","potentialAction":[{"@type":"SearchAction","target":{"@type":"EntryPoint","urlTemplate":"https://ar-menez-tan.com/dev/wordpress/?s={search_term_string}"},"query-input":{"@type":"PropertyValueSpecification","valueRequired":true,"valueName":"search_term_string"}}],"inLanguage":"fr-FR"}]}</script>
<!-- / Yoast SEO plugin. -->

Le Cercle de Clermont Ferrand perpetue la danse Bretonne en vous offrant la possibilité d'apprendre ou de completer vos connaissances dans la danse traditionnelle
